- 4*s(v). Determine t(j).
1
Suppose 2*r + 6 = 3*r. Suppose -4*o + r = -o. Let b(z) = -2 + 2*z**o - z - 1 + 1. Give b(2).
4
Let z be (-4)/18 - (-102)/(-27). Let g(a) be the third derivative of a**6/120 + a**5/12 + 5*a**4/24 - a**3/2 + 3*a**2. Determine g(z).
-7
Suppose -3*k + 3 = -6*k, 4*v - k = -3. Let b(q) = -q + 8. Let f be b(4). Let d(s) = 7 - 2 - 4 - f*s + 0*s. Calculate d(v).
5
Let r(y) = y**3 - 9*y**2 - 11*y + 5. Let k = 5 - -5. Determine r(k).
-5
Let y(s) be the first derivative of s**4/4 + s**3/3 - s**2/2 - 5*s - 2. Suppose -m = 4*k + 3, -4*m - 13 = -1. Determine y(k).
-5
Let l(a) = a**2 + a + 4. Let o(p) = 5*p**3 + 1. Let d be o(-1). What is l(d)?
16
Let q(i) be the second derivative of -i**3/6 - 5*i**2/2 - 5*i. Calculate q(-5).
0
Let u(o) = 4 - 3*o**3 + 0*o**3 + 4*o - 2*o - 5. Let h(v) = -v**3 + 4*v**2 - 2*v - 2. Let x be h(3). Let k = x - 0. Determine u(k).
-2
Let d(h) = 3*h - 5. Let q(c) = 2*c - 4. Let x(p) = -5*d(p) + 6*q(p). Let t be x(-1). Let r(g) = t - 3 - g + 0. What is r(3)?
-2
Let z(k) = 7*k + 0*k - 2*k - 5. Let f(b) = -6*b + 6. Let a(q) = 4*f(q) + 5*z(q). Let w(n) = -n**2 - 2*n - 1. Let t(u) = 2*a(u) - w(u). What is t(-3)?
-4
Let x(c) = 7*c**2 + 2*c + 1. Let u = -55 + 54. What is x(u)?
6
Let k(o) = -o - 5. Let f(l) = 2*l + 14. Suppose 5*r = 4*r + 14. Let v(x) = r*k(x) + 5*f(x). Calculate v(2).
-8
Suppose 4*j = 2*j + 2. Let t be (-3 + j)/(-6)*3. Suppose y = -2*a - 3, -4*a - 13 + t = -4*y. Let b(x) = -x**2 + 2*x - 1. Determine b(y).
0
Suppose -4*g + 5 = l - 3, 5*l + 4*g = 24. Let k(f) be the third derivative of 0*f**3 + 0 + 2*f**2 + 0*f - 1/24*f**l - 7/60*f**5. Give k(-1).
-6
Let v(w) = w**2 - 5*w + 3. Let r be v(5). Let c(u) = -7*u - 1. Let q(a) = -4*a. Let p(b) = r*c(b) - 5*q(b). Determine p(-3).
0
Let j(a) be the first derivative of a**3/3 + 9*a - 1. Let r(w) = -w + 1. Let d(m) = j(m) - 6*r(m). Determine d(-4).
-5
Suppose 2*q + q + 18 = 5*h, 3*h - 5*q + 2 = 0. Let f(z) = 2 + h*z - 4*z - 9. Calculate f(6).
5
Let l(n) = n**2 - 8*n + 5. Let p be l(8). Let h(c) = -2 + p - c**2 + 5 - c. What is h(0)?
8
Let w(l) be the second derivative of -l**4/12 + 7*l**3/6 - 9*l**2/2 + 4*l - 1. Suppose -3*p + 26 = 8. What is w(p)?
-3
Suppose 0*g - g = 0, 5*l - g - 40 = 0. Let z(i) = -i**3 + 9*i**2 - 9*i + 10. Let t be z(l). Let f(x) = -4*x + 2. What is f(t)?
-6
Let a be (-5)/(-10) + (-22)/(-4). Let v = a + -3. Let i(f) = f**2 - 4. Determine i(v).
5
Let x(f) be the first derivative of -f**4/4 + 3*f**2/2 + 3*f - 23. Let i(k) = k**3 + 5*k**2 - k - 7. Let y be i(-5). Calculate x(y).
5
Let d(h) be the first derivative of h**4/4 + h**2/2 - h - 9. Let x(g) = 4*g**3 + 6*g**2 + 8*g - 3. Let o(u) = -3*d(u) + x(u). Determine o(-4).
12
Let n(h) = -7*h**2 - 6*h + 11. Let x(z) = 4*z**2 + 3*z - 5. Let u(d) = -3*n(d) - 5*x(d). Determine u(-6).
10
Let u be -1*1*(-10 + -6). Suppose -n + u = 3*j, 3*j - 28 = 5*n + 18. Let k(p) = -p**3 + 8*p**2 - 6*p - 8. Calculate k(j).
-1
Let y(c) = -c**3 + 6*c**2 - 4*c + 4. Suppose 6*m + 2*n = m + 21, 4*n + 8 = 0. Give y(m).
9
Let r(g) = g. Suppose -4 = -15*p + 17*p. Determine r(p).
-2
Suppose 5*k + 20 = 0, -16 - 8 = -x + 4*k. Let u(f) = f**3 - 7*f**2 - 7*f - 6. Calculate u(x).
2
Let v(d) be the third derivative of d**7/5040 + d**6/720 + d**5/30 + d**2. Let s(h) be the third derivative of v(h). Suppose 0*a = -a. Give s(a).
1
Let q(d) be the second derivative of d**8/6720 + d**7/2520 - d**6/360 - d**5/40 + d**4/12 + d. Let w(f) be the third derivative of q(f). Give w(-2).
-3
Let z(w) = -w**2 + 2*w + 3. Let m(g) = -8 - 2*g - 3*g**2 + g + 3 + g**3. Let h be m(4). Let i = h - 3. Determine z(i).
-5
Let f be 5/(-15) - 7/(-3). Let h(p) = -p**3 - p**2 + 2*p + 1. What is h(f)?
-7
Let x(y) = -y - 5. Let m(o) = -o - 6. Suppose -3*c = -19 + 1. Let j(n) = c*x(n) - 5*m(n). Calculate j(-5).
5
Let v(l) = -l**2 - 5*l + 4. Suppose -3*k = -2*h - 0*h - 10, 2*k - 6 = 2*h. Suppose -15 = k*r - c, -3 = 4*r - 5*c - 8. What is v(r)?
4
Suppose -f = f. Let n(j) = -j - 6. Let s(u) = -u - 5. Let r = 5 - 8. Let l(q) = r*s(q) + 2*n(q). What is l(f)?
3
Let s be (12/(-10))/((-2)/50). Suppose 0 = 2*r + 5*h - 15, 5*r - s = -0*r - 5*h. Let b(a) = a + 2*a**3 + 14*a**2 - 9*a**2 - 3*a**3 + 7. What is b(r)?
12
Let f be 0*((-4)/6 - -1). Let z(p) be the second derivative of -p**3/6 - 2*p**2 + 2*p. Calculate z(f).
-4
Let p(m) = -2*m**2 + 7*m - 8. Let r(i) = -i**2 + 3*i - 4. Let o(g) = 3*p(g) - 5*r(g). What is o(5)?
1
Let h(x) be the second derivative of -x**3/6 + 3*x**2/2 + x. Let a(y) = -y**2 + 8*y - 2. Let m be a(7). What is h(m)?
-2
Let t = -18 - -12. Let w be (6 - 1)*t/(-15). Let q(c) = -4*c**2 + 5*c + 3. Let y(b) = b**2 - b - 1. Let d(a) = q(a) + 3*y(a). What is d(w)?
0
Let b(t) = 2 + 2*t - 3*t - 6 + 3*t. Determine b(4).
4
Let a = 1 - 1. Let q be 4/(7/(7/2)). Let g(x) = x + 0*x**3 + 3 + x**3 - 7 - x**q. Calculate g(a).
-4
Let j(q) = -3*q - 8. Let d(t) = -4*t - 9. Let g(h) = 6*d(h) - 7*j(h). Calculate g(4).
-10
Suppose 8 - 23 = -3*p. Let a(k) = -k - 5. Let j be a(-6). Suppose -2*r - p*v - j = 1, -2*r - v = -6. Let o(c) = c - 2. Calculate o(r).
2
Let n(c) = c**2 - 2*c**2 + 7*c + 3 + 0*c**2 + 0*c. Calculate n(6).
9
Let u(x) = x**2 - 2*x - 2. Let i be u(3). Suppose -k - i = -6. Let a(b) = b**3 - 4*b**2 - 6*b - 1. Determine a(k).
-6
Let l(n) = 4*n + 3. Let u be l(-1). Let k(i) = 10*i**3 + i**2 + i + 1. Calculate k(u).
-9
Let g(z) be the third derivative of z**4/24 + 5*z**3/6 - 5*z**2. Let s be g(-5). Let u(q) = q - 3. Calculate u(s).
-3
Let o(j) = 5*j + 3. Let f(a) = 3 + 11*a + 2 + 0. Let r(m) = -4*f(m) + 9*o(m). Calculate r(5).
12
Let w(f) = 7*f**2 - 61*f**3 + 31*f**3 + 29*f**3 - 6. What is w(7)?
-6
Let g be 2*9/(-12)*-2. Let h(q) = -q**3 + 0 + q**g - 2 - q**2 + q**3. Determine h(2).
2
Let y(j) be the second derivative of 2*j**3/3 - 3*j**2/2 - 14*j. Give y(4).
13
Let n(z) = -z + 5. Let v be 6/(1/1 + 0). Suppose 2*s = s - v. Let t(d) = -d**2 - 6*d + 5. Let k be t(s). Calculate n(k).
0
Let l(g) = g**3 + 2*g**2 - 7*g - 2. Let d(i) = i**2 - i. Let k(f) = -4*d(f) + l(f). What is k(-2)?
-12
Let n(m) = -m**2 + 8*m - 4. Let l = -13 - -18. Determine n(l).
11
Let h(b) = -b**3 + 5*b**2 + 2*b - 5. Let l(w) be the first derivative of -w**2/2 - 6*w + 2. Let c be l(-4). Let d(s) = s**2 + 1. Let f be d(c). Give h(f).
5
Let u(c) be the second derivative of -c**7/2520 - c**6/720 - c**5/24 + c**4/6 + 6*c. Let v(g) be the third derivative of u(g). Determine v(0).
-5
Let t(w) = 8*w**3 - 2*w**2 - 2*w + 3. Let h be t(1). Let v(x) = -2*x - 10. Determine v(h).
-24
Let h(t) be the third derivative of 1/6*t**3 + 0 + 7/24*t**4 + 0*t + 4*t**2. Give h(-1).
-6
Let k(f) = f - 1. Let x(z) be the third derivative of -z**4/8 + z**3/3 - z**2. Let n(g) = -5*k(g) - x(g). What is n(2)?
-1
Let p(j) = 3*j**3 + 2*j**2 - 3*j - 2. Let z be p(-2). Let u = -7 - z. Let n(x) = x + 1. Determine n(u).
6
Suppose 3*c + 22 = b - 10, 3*b = 15. Let p(y) = y**3 + 10*y**2 + 8*y + 7. What is p(c)?
16
Let c(h) = h. Let g(r) be the first derivative of -7*r**3/3 - 3*r**2 - r + 2. Let p(o) = 4*c(o) + g(o). What is p(-1)?
-6
Let d = -8 + 14. Let f = d - 3. Let v(n) = n**2 - 3*n - 1. Calculate v(f).
-1
Let m(v) = v**3 + 6*v**2 + 2*v + 5. Suppose 5*f - 18 = 8*f. What is m(f)?
-7
Let g(u) = 3*u - 1. Let v be g(-5). Let q(o) = o**3 + 16*o**2 + o + 21. Let x be q(v). Let m(y) = -y**3 + 5*y**2 + y - 4. Determine m(x).
1
Let y(j) = -5*j - 3*j**2 + j**2 - 4 + 2. Let s(r) = 3*r. Let h be s(-1). Give y(h).
-5
Let t(s) = -s**2 + 4*s + 1. Let a = -6 - -8. Let k(h) = h + a*h - 3*h**2 + h**3 - 4 - 4*h + 4*h. Let r be k(3). Calculate t(r).
-4
Suppose -4 = -4*t - 4*p, 4 = 3*t + 4*p - 2. Let q(i) be the third derivative of -1/60*i**5 + 0 - i**2 + 1/3*i**3 + 0*i + 0*i**4 - 1/120*i**6. Give q(t).
6
Suppose 6*t + 35 = 5. Let u(r) = r + 7. Calculate u(t).
2
Let a be (-2)/(-4) + (-65)/(-10). Let x(b) = -52*b**3 - 7*b**2 - 4*b - 7. Let t(n) = -35*n**3 - 5*n**2 - 3*n - 5. Let z(s) = a*t(s) - 5*x(s). Give z(-1).
-14
Let s(i) = i**3 + 6*i**2 - 2. Let j be s(-5). Let y = 19 - j. Let r(b) = -2*b + 6. Let z(h) = 5*h - 13. Let t(c) = -7*r(c) - 3*z(c). What is t(y)?
1
Let u(a) = a**2 + 5*a - 6. Let y be u(-5). Let f(p) = p**2 + 6*p + 6. Determine f(y).
6
Let n(b) = b**3 + 5*b**2 - 3*b + 13. Let o be n(-6). Let x(i) = i - 7. Calculate x(o).
-12
Suppose -g 